559 and 2746367?
559
Calculate the highest common factor of 221034 and 112200.
1122
What is the highest common divisor of 253 and 1609839?
253
Calculate the greatest common factor of 42103 and 71.
71
Calculate the highest common divisor of 2363 and 75089.
17
What is the greatest common factor of 176 and 13354?
22
Calculate the greatest common divisor of 13 and 13624.
13
Calculate the greatest common divisor of 80 and 1810360.
40
Calculate the highest common factor of 21 and 17598.
21
What is the highest common divisor of 1219 and 120151?
53
Calculate the highest common factor of 3186 and 25842.
354
What is the greatest common divisor of 2197 and 533?
13
Calculate the highest common factor of 235 and 205.
5
Calculate the highest common factor of 1495196 and 172.
172
Calculate the greatest common factor of 31866 and 12.
6
What is the highest common divisor of 640 and 684752?
16
What is the highest common divisor of 3423197 and 239?
239
What is the greatest common factor of 84 and 21728?
28
Calculate the highest common divisor of 57246 and 357.
21
What is the greatest common divisor of 12 and 342948?
12
Calculate the greatest common divisor of 2580 and 42.
6
Calculate the highest common divisor of 163 and 794951.
163
What is the highest common factor of 36950 and 200?
50
What is the greatest common divisor of 2223 and 873?
9
Calculate the highest common divisor of 1812 and 141.
3
Calculate the highest common factor of 3679 and 62439.
13
What is the greatest common divisor of 630 and 26670?
210
Calculate the greatest common divisor of 49 and 35084.
49
What is the highest common factor of 941738 and 137?
137
What is the highest common factor of 126999 and 1545?
309
What is the highest common divisor of 381432 and 11747?
691
What is the greatest common factor of 396 and 300?
12
What is the highest common divisor of 28596 and 2556?
12
What is the highest common factor of 38 and 159429?
19
Calculate the highest common factor of 1092 and 30342.
78
What is the greatest common divisor of 6563513 and 187?
187
What is the greatest common divisor of 393635 and 6545?
935
Calculate the greatest common divisor of 142 and 39902.
142
Calculate the highest common factor of 111 and 321863.
37
What is the greatest common divisor of 239 and 147941?
239
Calculate the highest common factor of 7 and 279881.
7
Calculate the highest common factor of 44000 and 4576.
352
What is the highest common divisor of 1920 and 59776?
128
What is the greatest common factor of 6257116 and 316?
316
What is the highest common divisor of 35425 and 4225?
325
Calculate the highest common factor of 337630 and 1140.
190
Calculate the greatest common factor of 12200 and 218200.
200
Calculate the highest common factor of 289 and 17663.
17
Calculate the highest common divisor of 44406 and 27.
9
Calculate the highest common divisor of 48 and 4633752.
24
Calculate the highest common factor of 34621 and 178.
89
What is the highest common divisor of 228 and 19722?
114
Calculate the highest common factor of 12402 and 1404.
234
Calculate the greatest common divisor of 4147737 and 129.
129
What is the greatest common factor of 62135 and 75140?
1445
What is the greatest common factor of 2836 and 164?
4
Calculate the greatest common factor of 942 and 600.
6
Calculate the highest common factor of 388044 and 16.
4
Calculate the highest common divisor of 62535 and 13035.
165
Calculate the greatest common divisor of 6000 and 940200.
600
Calculate the greatest common factor of 1595526 and 6.
6
What is the greatest common factor of 10907470 and 14?
14
Calculate the greatest common divisor of 2744 and 460208.
392
Calculate the greatest common factor of 1152 and 36576.
288
What is the greatest common factor of 204 and 74?
2
Calculate the highest common divisor of 18417 and 399.
21
Calculate the highest common factor of 544644 and 1296.
324
What is the highest common divisor of 1137012 and 492?
492
What is the greatest common factor of 255 and 16405?
85
What is the greatest common divisor of 24768 and 17200?
688
What is the greatest common factor of 2812 and 1292?
76
What is the greatest common factor of 707 and 139582?
101
What is the greatest common factor of 8383 and 101?
101
Calculate the greatest common divisor of 23808 and 3138.
6
What is the greatest common factor of 90624 and 6726?
354
What is the greatest common divisor of 13995 and 330?
15
Calculate the highest common divisor of 536 and 55208.
536
Calculate the highest common divisor of 9142 and 126.
14
What is the highest common factor of 3977 and 7857?
97
Calculate the highest common factor of 12 and 772784.
4
Calculate the greatest common factor of 587 and 1354209.
587
Calculate the greatest common factor of 8777 and 655.
131
What is the greatest common factor of 224 and 9541?
7
Calculate the highest common factor of 7553 and 497.
7
What is the greatest common divisor of 341 and 7568?
11
What is the greatest common divisor of 2178 and 9216?
18
Calculate the highest common divisor of 84 and 213612.
84
Calculate the greatest common divisor of 106 and 192178.
106
What is the highest common factor of 18 and 97542?
18
Calculate the highest common divisor of 481 and 605488.
13
What is the highest common factor of 7593456 and 12?
12
What is the highest common factor of 718 and 78?
2
Calculate the greatest common factor of 203160 and 20.
20
Calculate the greatest common factor of 3050564 and 95.
19
Calculate the highest common divisor of 858 and 13662.
66
What is the greatest common factor of 686516 and 4?
4
What is the greatest common factor of 36 and 1027476?
36
Calculate the greatest common divisor of 1635 and 1277589.
327
Calculate the greatest common factor of 2485 and 27139.
7
Calculate the greatest common factor of 137 and 262081.
137
What is the greatest common factor of 34724 and 12?
4
What is the highest common factor of 32136 and 1326?
78
Calculate the greatest common divisor of 5995 and 605.
55
Calculate the highest common divisor of 5382 and 3458.
26
Calculate the greatest common factor of 112793 and 6813.
757
Calculate the highest common divisor of 828625 and 35.
35
What is the highest common divisor of 15 and 93365?
5
What is the highest common factor of 66 and 8904?
6
Calculate the highest common factor of 43354 and 106.
106
Calculate the greatest common factor of 1442 and 378.
14
What is the highest common factor of 26 and 58357?
13
What is the highest common factor of 48149 and 36312?
89
What is the greatest common factor of 1725 and 1425?
75
What is the greatest common factor of 385 and 2365?
55
What is the greatest common factor of 92536 and 3440?
344
Calculate the highest common factor of 775250 and 500.
250
What is the highest common factor of 10 and 1631920?
10
Calculate the highest common factor of 68 and 37094.
34
What is the greatest common divisor of 15939 and 5670?
63
What is the greatest common factor of 117 and 12?
3
Calculate the highest common factor of 20604 and 384.
12
Calculate the highest common divisor of 315 and 220095.
45
What is the highest common divisor of 336 and 4109784?
168
What is the greatest common divisor of 4939 and 539?
11
Calculate the greatest common factor of 238 and 252671.
17
What is the greatest common divisor of 252 and 174531?
21
Calculate the highest common factor of 495 and 3719925.
495
Calculate the highest common factor of 248273 and 40223.
1387
Calculate the greatest common divisor of 54385 and 6059.
73
What is the highest common divisor of 312 and 12828?
12
What is the highest common factor of 224 and 18494?
14
Calculate the greatest common factor of 633 and 871219.
211
Calculate the greatest common divisor of 43 and 1363874.
43
What is the greatest common factor of 724604 and 16?
4
What is the greatest common factor of 444 and 93462?
222
Calculate the greatest common divisor of 5559 and 23217.
327
Calculate the greatest common divisor of 2320 and 497292.
116
Calculate the greatest common factor of 60771 and 282.
141
Calculate the greatest common divisor of 3384184 and 4.
4
Calculate the highest common divisor of 1246185 and 162.
81
Calculate the greatest common factor of 568343 and 1052.
263
Calculate the greatest common divisor of 623536 and 16.
16
What is the highest common factor of 3